15) in base 14?
11
-1143 (base 11) to base 9
-2045
What is 3636 (base 7) in base 6?
10130
Convert -112101 (base 3) to base 6.
-1444
2a5a (base 12) to base 10
4966
Convert -1171a (base 15) to base 16.
-d930
What is 2911 (base 12) in base 10?
4765
What is 12110232 (base 4) in base 10?
25902
-21303100 (base 4) to base 6
-505504
Convert -2228 (base 12) to base 10.
-3776
What is 3100404 (base 5) in base 2?
1100001110111000
What is -435 (base 8) in base 6?
-1153
What is -2201 (base 5) in base 6?
-1221
Convert -1350 (base 9) to base 7.
-2652
Convert -69e (base 15) to base 13.
-8b4
What is 1000b (base 12) in base 3?
1001110102
What is 3001 (base 5) in base 2?
101111000
What is -240013 (base 5) in base 14?
-3298
Convert -310221 (base 4) to base 10.
-3369
What is -120a (base 12) in base 15?
-901
334340 (base 5) to base 15
379a
Convert 111001101000001 (base 2) to base 9.
44423
What is -1221100 (base 3) in base 13?
-849
-55060 (base 7) to base 12
-7b6a
What is -20433 (base 5) in base 9?
-1780
What is -15682 (base 9) in base 4?
-2220032
What is 445 (base 13) in base 11?
607
Convert 3672 (base 15) to base 6.
125342
1200 (base 5) to base 2
10101111
What is 22432 (base 5) in base 15?
72c
Convert 12120 (base 5) to base 13.
550
-6204 (base 7) to base 16
-870
Convert -1175 (base 8) to base 3.
-212121
What is 43cd (base 15) in base 9?
21634
-61a7 (base 12) to base 2
-10100110001111
Convert -894 (base 16) to base 4.
-202110
582d (base 14) to base 16
3be1
Convert -368 (base 9) to base 4.
-10301
What is -1313203 (base 4) in base 11?
-5826
What is 1a635 (base 11) in base 5?
1404330
What is 27 (base 15) in base 4?
211
21333 (base 5) to base 8
2674
3003300 (base 4) to base 13
5919
What is -4094 (base 11) in base 3?
-21110000
10111011 (base 2) to base 5
1222
Convert 11010110011 (base 2) to base 3.
2100112
110011311 (base 4) to base 5
10113133
Convert -3504 (base 10) to base 6.
-24120
-10100011010011 (base 2) to base 8
-24323
What is -3156 (base 13) in base 4?
-1222233
Convert -1279 (base 13) to base 16.
-a4b
-210021 (base 4) to base 10
-2313
What is -2307 (base 11) in base 3?
-11011022
What is -2003110 (base 4) in base 14?
-30c4
3484 (base 10) to base 9
4701
-100314 (base 6) to base 8
-17326
What is -3620 (base 7) in base 8?
-2471
What is -32391 (base 11) in base 2?
-1011011111001000
383 (base 16) to base 2
1110000011
615 (base 10) to base 2
1001100111
-12c (base 16) to base 9
-363
Convert -442 (base 9) to base 4.
-11222
101111011011 (base 2) to base 12
190b
Convert 6488 (base 15) to base 6.
242302
What is -271 (base 11) in base 9?
-385
10100010001 (base 2) to base 5
20142
Convert -11114 (base 8) to base 14.
-19c8
Convert 1445 (base 11) to base 9.
2501
What is -1142 (base 8) in base 16?
-262
Convert 2210 (base 6) to base 12.
366
-20011 (base 3) to base 5
-1131
1101001111010 (base 2) to base 12
3b0a
-101100101111001 (base 2) to base 5
-1213110
Convert -1122111 (base 3) to base 10.
-1201
What is 276 (base 14) in base 7?
1306
10243 (base 11) to base 9
22428
Convert b15 (base 12) to base 15.
71b
Convert 15 (base 6) to base 2.
1011
Convert -12212 (base 4) to base 13.
-266
364 (base 9) to base 5
2201
Convert -519 (base 10) to base 2.
-1000000111
What is -8268 (base 9) in base 10?
-6056
Convert -3e93 (base 16) to base 7.
-64463
What is -3725 (base 10) in base 2?
-111010001101
What is -432 (base 8) in base 10?
-282
-2131 (base 12) to base 2
-111000110101
What is -10403 (base 7) in base 12?
-1608
What is 32222 (base 4) in base 3?
1021202
Convert -2803 (base 10) to base 7.
-11113
15422 (base 8) to base 4
1230102
Convert 417 (base 9) to base 15.
17a
2aa1 (base 11) to base 6
30235
Convert -604 (base 13) to base 10.
-1018
Convert -14c (base 16) to base 14.
-19a
What is -bb85 (base 13) in base 11?
-186aa
1222 (base 6) to base 16
12e
What is -1622 (base 8) in base 4?
-32102
What is -661 (base 8) in base 9?
-531
Convert -2323 (base 5) to base 4.
-11102
-11968 (base 10) to base 14
-450c
Convert -388 (base 14) to base 12.
-4b0
Convert -2330 (base 7) to base 2.
-1101010110
Convert 363 (base 7) to base 8.
300
-b6 (base 15) to base 5
-1141
7a46 (base 11) to base 9
15452
-223 (base 5) to base 4
-333
Convert 1038 (base 9) to base 13.
46a
What is 10742 (base 9) in base 8?
15776
What is 1000101 (base 2) in base 4?
1011
-36461 (base 9) to base 12
-12184
200210 (base 3) to base 4
13323
What is 3075 (base 9) in base 13?
1046
Convert 1020 (base 8) to base 15.
253
Convert 173 (base 9) to base 12.
103
Convert 30464 (base 8) to base 11.
9511
38b9 (base 14) to base 9
14600
Convert -23025 (base 6) to base 16.
-cb9
-29b1 (base 14) to base 5
-214112
712 (base 8) to base 14
24a
-d0b (base 16) to base 12
-1b23
-754 (base 15) to base 7
-4552
What is 2bec (base 16) in base 4?
2233230
Convert -4138 (base 13) to base 14.
-33d2
27 (base 12) to base 13
25
-1200122 (base 3) to base 13
-73a
Convert -151 (base 14) to base 8.
-413
1011100 (base 2) to base 4
1130
What is -13303 (base 4) in base 2?
-111110011
-1023243 (base 5) to base 12
-a037
What is 14cc (base 13) in base 11?
2315
What is -2102212121 (base 3) in base 4?
-23232112
Convert 2444 (base 7) to base 12.
642
What is 53 (base 14) in base 9?
81
What is -101200020 (base 3) in base 9?
-11606
What is -2014 (base 6) in base 12?
-30a
What is -dce (base 16) in base 5?
-103114
130 (base 5) to base 14
2c
-130303 (base 4) to base 10
-1843
What is -607a (base 13) in base 8?
-31743
Convert -1870 (base 9) to base 7.
-4125
Convert 3030 (base 9) to base 11.
1733
What is -464 (base 8) in base 4?
-10310
Convert -3b04 (base 13) to base 10.
-8454
What is 13982 (base 11) in base 14?
7313
Convert 83c (base 14) to base 6.
11302
Convert c26 (base 16) to base 9.
4235
-586 (base 10) to base 4
-21022
What is 11505 (base 7) in base 3?
11002220
Convert -b0 (base 12) to base 11.
-110
Convert -6650 (base 14) to base 4.
-10110232
18c (base 16) to base 15
1b6
10001011011 (base 2) to base 13
67a
5032 (base 6) to base 2
10001001100
153a0 (base 11) to base 16
5509
What is -579 (base 13) in base 2?
-1110110001
Convert 17101 (base 10) to base 7.
100600
What is 13054 (base 6) in base 7?
5524
Convert 1113 (base 10) to base 13.
678
Convert -30 (base 8) to base 3.
-220
Convert -ca4 (base 13) to base 16.
-872
-2e6 (base 15) to base 5
-10131
What is -11221112 (base 3) in base 8?
-7025
What is 28797 (base 11) in base 8?
117663
Convert -21111012 (base 3) to base 8.
-12523
What is 8277 (base 9) in base 16?
17b0
What is 46 (base 10) in base 8?
56
What is -14330 (base 7) in base 14?
-1617
Convert 1b3c3 (base 13) to base 14.
1565c
Convert -7dc5 (base 14) to base 3.
-1010002012
-43401 (base 5) to base 12
-1880
-22212221 (base 3) to base 4
-1211032
What is 3132 (base 5) in base 3?
120110
What is -343235 (base 6) in base 5?
-1414010
63012 (base 9) to base 10
41564
-434 (base 10) to base 2
-110110010
What is -35766 (base 9) in base 5?
-1231310
What is -652 (base 8) in base 12?
-2b6
10312 (base 4) to base 5
2220
-11404 (base 8) to base 12
-2998
What is -757 (base 11) in base 16?
-38d
What is be0 (base 15) in base 10?
2685
Convert -115664 (base 7) to base 5.
-1140023
-2077 (base 8) to base 7
-3112
What is -202011222 (base 3) in base 6?
-152042
Convert -281 (base 11) to base 16.
-14b
What is -110012020 (base 3) in base 13?
-407a
Convert -220121 (base 5) to base 11.
-5731
174a (base 14) to base 11
3162
Convert -dcfe (base 16) to base 6.
-1113530
Convert 1110000000 (base 2) to base 14.
480
Convert 170 (base 8) to base 14.
88
What is 533 (base 7) in base 10?
269
Convert 5453 (base 9) to base 12.
23a9
-8d78 (base 14) to base 5
-1241411
2022 (base 5) to base 14
14a
Convert -61b0 (base 15) to base 10.
-20640
68d (base 14) to base 7
3536
Convert 28a (base 16) to base 9.
802
Convert 31b2 (base 12) to base 2.
1010101010110
425401 (base 6) to base 8
104151
What is -14300 (base 6) in base 15?
-a13
What is -3141124 (base 5) in base 7?
-306353
-3197 (base 12) to base 8
-12503
Convert -112102 (base 3) to base 4.
-12011
What is -600 (base 16) in base 9?
-2086
What is a85 (base 13) in base 2?
11100000111
Convert 435 (base 6) to base 2.
10100111
1384 (base 16) to base 2
1001110000100
Convert -1035 (base 9) to base 2.
-1011111001
What is -120001 (base 3) in base 11?
-33a
Convert -1302 (base 7) to base 2.
-111101100
What is -20